+ 5. What is the remainder when 49 is divided by y(p)?
15
Let y(j) = -j**2 - 6*j + 27. What is the remainder when 85 is divided by y(-8)?
8
Let f(c) = -8*c + 1. Let q be f(-1). Calculate the remainder when 35 + 1 + -1 + 3 is divided by q + 6/2 - -1.
12
Suppose -3*z - 4 = z - 4*x, -2*z - 5*x + 19 = 0. Suppose -z*n - 9 = -3*r - 0, 15 = 5*n. Suppose -a + 1 = -r. What is the remainder when 10 is divided by a?
4
Let m = -51 - -23. Let y(w) = w**3 + 7*w**2 + 7*w - 2. Calculate the remainder when y(-5) is divided by ((-1)/(-2))/((-2)/m).
6
What is the remainder when 9 is divided by ((-3)/2)/(1 - 11/8)?
1
Let v = 135 + -89. Calculate the remainder when 227 is divided by v.
43
Let l = -10 - -15. Suppose 6*f = 2*f + 72. What is the remainder when f is divided by l?
3
Suppose -3*w = -2*w. Let q(k) = k**3 - k**2 + 6. Let f be q(w). Suppose 0 = -5*i + f + 19. Calculate the remainder when 13 is divided by i.
3
Let h = -21 - -15. Calculate the remainder when (-486)/(-15) + h/15 is divided by 7.
4
Let d(y) = y**2 + 6*y - 7. Let v be d(-6). Let b = 11 + v. Suppose s = -s - b*x + 54, 5*x = -5*s + 115. What is the remainder when 56 is divided by s?
18
Suppose 0 = 3*z - 3 - 3. Calculate the remainder when (0 - (z + -1))*-25 is divided by 13.
12
Let a = -5 + 5. Suppose 2*s + 2*y - 50 = a, -4*y = -s + 2*s - 19. What is the remainder when s is divided by 7?
6
Let f(q) = -8*q - 1. What is the remainder when f(-6) is divided by 4/6 + 73/3?
22
Suppose -3*w = w - 56. Let h = 5 - 12. Let a(y) = y**3 + 7*y**2 - 5*y + 5. What is the remainder when a(h) is divided by w?
12
Suppose -19 = -3*j + 59. Let b(r) = -2*r - 1. Let n(h) = -h**3 - 4*h**2 + 7*h + 5. Let p be n(-5). Calculate the remainder when j is divided by b(p).
8
Let s(m) = 6*m - 4. Let f be s(3). Suppose f = 4*w - 2*v, -2*w + v + 13 = -2*v. Let k(n) = n**2 - 6*n - 3. Calculate the remainder when k(7) is divided by w.
0
Let m(v) = v**2 + v - 1. Let u(n) = -7*n**2 - 6*n + 14. Let x(y) = 6*m(y) + u(y). Calculate the remainder when 29 is divided by x(0).
5
Suppose d + 0 - 2 = 0. Suppose v + 3*v - 88 = -d*w, -4*v + 80 = 4*w. Calculate the remainder when 93 is divided by v.
21
Let z = -26 + 40. Calculate the remainder when 27 is divided by z.
13
Let s(a) = a**2 - 18*a + 24. Calculate the remainder when 27 is divided by s(17).
6
Let d(u) = -2*u + 54. What is the remainder when 29 is divided by d(24)?
5
Let o(l) = -l**3 - l**2 - 3*l + 3. Let n be o(3). Suppose -3*y = -21 - 3. Calculate the remainder when y is divided by n/(-8) + 2/(-8).
3
Let d = 2 + 31. What is the remainder when d is divided by 7?
5
Suppose 15*a - 246 = 12*a. Calculate the remainder when a is divided by 43.
39
Suppose -3*i - 5*k + 77 = -17, 0 = i + k - 30. What is the remainder when 109 is divided by i?
25
Let h(c) = -c**3 - 10*c**2 - 2*c - 13. What is the remainder when h(-10) is divided by (-2)/(-5) + 8/5?
1
Let f(m) = m**2 + m + 8. Let t(v) = -v**2. Let a(y) = f(y) + 2*t(y). Calculate the remainder when a(0) is divided by 3.
2
Let d(z) = -2*z + 2. What is the remainder when 15 is divided by d(-3)?
7
Suppose 0 = -s + 2*s. Suppose k - 37 = -s*k. What is the remainder when k is divided by 13?
11
Let t = -5 + 13. Let n = t - -1. What is the remainder when 19 is divided by (21/n)/((-2)/(-6))?
5
Let i(p) = 2*p**3 - p**2 + p - 66. Let r(b) = 5*b**3 - 3*b**2 + 3*b - 197. Let f(h) = 8*i(h) - 3*r(h). What is the remainder when f(0) is divided by 16?
15
Let g be ((-21)/5 - -3)*5. Calculate the remainder when (g + 5)*68/(-2) is divided by 18.
16
Let k(q) = q**2 + 7*q + 6. Let d be k(-7). Let y = d + 28. Suppose -3*w = -2*w - 12. Calculate the remainder when y is divided by w.
10
Let t(w) = w + 2. Let u = 8 - 11. Let m be t(u). What is the remainder when 2 is divided by (-1)/(m*(0 + 1))?
0
Suppose -4*f + 7 = -9*z + 4*z, -3*f = -z - 19. What is the remainder when 22 is divided by f?
6
Let d = -6 - -9. Suppose 0*k - d*k = -l + 11, 2*l - 22 = -4*k. Let p = l - -3. Calculate the remainder when 40 is divided by p.
12
Let p = 95 - 56. What is the remainder when 2 - -1 - -1*p is divided by 15?
12
Let v(u) = 48*u**2 - 6*u + 5. What is the remainder when 279 is divided by v(1)?
44
Let w(z) = -6*z - 2. Suppose 3*u + 7*f = 3*f + 66, -6 = -2*f. What is the remainder when u is divided by w(-2)?
8
Suppose 0 = 3*p - 486 + 120. What is the remainder when p is divided by 31?
29
Calculate the remainder when 37 is divided by (-2842)/(-145) + 4/10.
17
Suppose 0 = 4*a - 4 - 4. Suppose -h = -a*h. Suppose h = 6*q - q - 25, -3*s - 5*q + 127 = 0. Calculate the remainder when s is divided by 12.
10
Let f(y) = 6*y - 8. Let w be f(-7). Let s(d) = -d**3 - 5*d**2 + 12*d + 3. Let b be s(-8). Let r = w + b. Calculate the remainder when r is divided by 17.
15
Suppose -d + 51 + 7 = 0. Calculate the remainder when d is divided by 20.
18
Suppose 2*x + 3*m = -16 - 49, -2*x + 4*m = 58. Let u = x - -44. What is the remainder when u is divided by 7?
6
Suppose 0 = -3*g + 8*g - 260. Suppose -p - 9 = -4*p. Suppose -p*o + 34 = -4*d, -3*o = -0*o + d - 59. What is the remainder when g is divided by o?
16
Let q(f) = f - 12. Let b be q(10). Let y be 1*b*(-790)/5. Calculate the remainder when y/10 + (-3)/5 is divided by 11.
9
Let u(b) be the third derivative of b**5/30 + b**3/6 - 3*b**2. Calculate the remainder when u(-3) is divided by 5.
4
Calculate the remainder when 72 is divided by 38 + -2 + 2 + 0 + 0.
34
Let m = -485 + 767. Calculate the remainder when m is divided by 19.
16
Let n(g) be the third derivative of g**4/24 + g**3/2 + 2*g**2. Let f be n(-3). Suppose 5 = -f*z + z. What is the remainder when z is divided by 2?
1
Let i(o) = -o + 8. Let y be i(5). What is the remainder when 14 is divided by y + 5/(1/1)?
6
Let u(x) = 19*x - 1. Let a = 5 + -4. Calculate the remainder when 35 is divided by u(a).
17
Suppose 20 = -3*q + 4*q + 4*p, q - 4*p = 4. Suppose -39 = -5*s - 2*i - 0*i, -s + i + 5 = 0. Calculate the remainder when q is divided by s.
5
Let d be (-14)/(-4) - 4/8. Suppose -c = -1 - d. Let w = 31 + -25. Calculate the remainder when w is divided by c.
2
Suppose 40 = 2*l + 5*v, 0 = 4*l + 3*v - 0*v - 52. Let p = -98 + 185. What is the remainder when (-2)/6*-1*p is divided by l?
9
Suppose -b + 22 = 3*o + o, 3*o + 18 = 5*b. Let a = b + 5. Calculate the remainder when 19 is divided by a.
8
Suppose -4*f + 58 = -26. Suppose 5 = 4*j + 5*d, d - 3 = -5*j - 2*d. What is the remainder when f is divided by j/(0 + 4) - -12?
9
Let r(j) = 4*j + 2. Let d be 1/(((-2)/3)/(-2)). Suppose -s + 6 = -4*p, -8*p = -d*p + 5. What is the remainder when 18 is divided by r(s)?
8
Suppose t + 27 = 3*o, -4*o + 5*t = -13 - 23. Let b = -32 - -35. Calculate the remainder when o is divided by b.
0
Suppose w - 4*a - 17 = -a, 2*w = -2*a + 26. What is the remainder when 22 is divided by w?
8
Suppose -4*g = 19 - 83. Suppose -g = -5*s + 39. Calculate the remainder when 32 is divided by s.
10
Let k = -16 + 28. Calculate the remainder when 32 is divided by k.
8
Suppose 5*n + m - 14 = 0, -5*n = -5*m - 7 + 17. Suppose -n*l + 33 = 1. Suppose -2*b = 4*b - 186. What is the remainder when b is divided by l?
15
Suppose 3*c - 8*m - 87 = -5*m, -99 = -3*c - m. What is the remainder when c is divided by 7?
4
Let y be 5/15 + 106/6. Suppose -4*p + 5*d + y = 0, 4*p - 5 - 9 = 3*d. Calculate the remainder when 5 is divided by (2 + -1)/(p/6).
2
What is the remainder when 1720/140 - 2/7 is divided by 2?
0
Let o = 145 - 69. Let k = -7 + 20. What is the remainder when 1/(o/74 - 1) is divided by k?
11
Suppose 17 = 3*r - 25. Calculate the remainder when 44 is divided by r.
2
Suppose 2*f - 4 = 4*x, -x + 9 + 12 = 5*f. Let i(r) = r**3 - 3*r**2 + 4*r - 2. Calculate the remainder when f is divided by i(2).
0
Let f(s) = s**2 - 14*s + 16. Suppose 0*z - 3*z = -135. Calculate the remainder when z is divided by f(14).
13
Let c(m) = -5*m**2 + 14*m + 1. Let f(d) = 2*d**2 - 5*d. Let v(p) = 4*c(p) + 11*f(p). Calculate the remainder when v(-4) is divided by 11.
10
Let p = 1 + 7. What is the remainder when 12 is divided by p?
4
Suppose 0 = 3*c + 2*c - 55. Let r(u) = 9*u + 4. Let p be r(-6). What is the remainder when p*(14/(-10) + 1) is divided by c?
9
Suppose 3*z - 2*g = -z - 4, -5*g - 16 = 3*z. Suppose -3*a + 26 + 1 = 0. What is the remainder when a is divided by (0 + z/5)*-10?